{"id":476,"date":"2022-01-11T12:20:16","date_gmt":"2022-01-11T12:20:16","guid":{"rendered":"http:\/\/implement.cd\/?page_id=476"},"modified":"2022-01-13T16:35:00","modified_gmt":"2022-01-13T16:35:00","slug":"a-propos-de-nous","status":"publish","type":"page","link":"https:\/\/implement.cd\/?page_id=476","title":{"rendered":"A propos de nous"},"content":{"rendered":"\t\t<div data-elementor-type=\"wp-page\" data-elementor-id=\"476\" class=\"elementor elementor-476\" data-elementor-settings=\"[]\">\n\t\t\t\t\t\t\t<div class=\"elementor-section-wrap\">\n\t\t\t\t\t\t\t<section class=\"elementor-section elementor-top-section elementor-element elementor-element-fcaf7ab elementor-section-boxed elementor-section-height-default elementor-section-height-default\" data-id=\"fcaf7ab\" data-element_type=\"section\">\n\t\t\t\t\t\t<div class=\"elementor-container elementor-column-gap-default\">\n\t\t\t\t\t<div class=\"elementor-column elementor-col-100 elementor-top-column elementor-element elementor-element-4626190\" data-id=\"4626190\" data-element_type=\"column\">\n\t\t\t<div class=\"elementor-widget-wrap\">\n\t\t\t\t\t\t\t\t\t<\/div>\n\t\t<\/div>\n\t\t\t\t\t\t\t<\/div>\n\t\t<\/section>\n\t\t\t\t<section class=\"elementor-section elementor-top-section elementor-element elementor-element-7d636de elementor-section-stretched elementor-section-boxed elementor-section-height-default elementor-section-height-default\" data-id=\"7d636de\" data-element_type=\"section\" data-settings=\"{&quot;stretch_section&quot;:&quot;section-stretched&quot;,&quot;background_background&quot;:&quot;slideshow&quot;,&quot;background_slideshow_gallery&quot;:[{&quot;id&quot;:485,&quot;url&quot;:&quot;http:\\\/\\\/implement.cd\\\/wp-content\\\/uploads\\\/2022\\\/01\\\/black-and-white-chairs-conference-room-discussion-11814001-1.jpg&quot;}],&quot;background_slideshow_loop&quot;:&quot;yes&quot;,&quot;background_slideshow_slide_duration&quot;:5000,&quot;background_slideshow_slide_transition&quot;:&quot;fade&quot;,&quot;background_slideshow_transition_duration&quot;:500}\">\n\t\t\t\t\t\t<div class=\"elementor-container elementor-column-gap-default\">\n\t\t\t\t\t<div class=\"elementor-column elementor-col-100 elementor-top-column elementor-element elementor-element-aa3fc63\" data-id=\"aa3fc63\" data-element_type=\"column\">\n\t\t\t<div class=\"elementor-widget-wrap\">\n\t\t\t\t\t\t\t\t\t<\/div>\n\t\t<\/div>\n\t\t\t\t\t\t\t<\/div>\n\t\t<\/section>\n\t\t\t\t<section class=\"elementor-section elementor-top-section elementor-element elementor-element-c5e7211 elementor-section-boxed elementor-section-height-default elementor-section-height-default\" data-id=\"c5e7211\" data-element_type=\"section\">\n\t\t\t\t\t\t<div class=\"elementor-container elementor-column-gap-default\">\n\t\t\t\t\t<div class=\"elementor-column elementor-col-100 elementor-top-column elementor-element elementor-element-67a2e46\" data-id=\"67a2e46\" data-element_type=\"column\">\n\t\t\t<div class=\"elementor-widget-wrap elementor-element-populated\">\n\t\t\t\t\t\t\t\t<div class=\"elementor-element elementor-element-6c6c69c elementor-widget elementor-widget-text-editor\" data-id=\"6c6c69c\" data-element_type=\"widget\" data-widget_type=\"text-editor.default\">\n\t\t\t\t<div class=\"elementor-widget-container\">\n\t\t\t<style>\/*! elementor - v3.5.3 - 28-12-2021 *\/\n.elementor-widget-text-editor.elementor-drop-cap-view-stacked .elementor-drop-cap{background-color:#818a91;color:#fff}.elementor-widget-text-editor.elementor-drop-cap-view-framed .elementor-drop-cap{color:#818a91;border:3px solid;background-color:transparent}.elementor-widget-text-editor:not(.elementor-drop-cap-view-default) .elementor-drop-cap{margin-top:8px}.elementor-widget-text-editor:not(.elementor-drop-cap-view-default) .elementor-drop-cap-letter{width:1em;height:1em}.elementor-widget-text-editor .elementor-drop-cap{float:left;text-align:center;line-height:1;font-size:50px}.elementor-widget-text-editor .elementor-drop-cap-letter{display:inline-block}<\/style>\t\t\t\t<h2><span style=\"color: #003366;\"><strong>Pr\u00e9sentation d\u2019Implement Sarl<\/strong><\/span><\/h2>\t\t\t\t\t\t<\/div>\n\t\t\t\t<\/div>\n\t\t\t\t\t<\/div>\n\t\t<\/div>\n\t\t\t\t\t\t\t<\/div>\n\t\t<\/section>\n\t\t\t\t<section class=\"elementor-section elementor-top-section elementor-element elementor-element-b0f977b elementor-section-boxed elementor-section-height-default elementor-section-height-default\" data-id=\"b0f977b\" data-element_type=\"section\">\n\t\t\t\t\t\t<div class=\"elementor-container elementor-column-gap-default\">\n\t\t\t\t\t<div class=\"elementor-column elementor-col-100 elementor-top-column elementor-element elementor-element-3ac7b8f\" data-id=\"3ac7b8f\" data-element_type=\"column\">\n\t\t\t<div class=\"elementor-widget-wrap elementor-element-populated\">\n\t\t\t\t\t\t\t\t<div class=\"elementor-element elementor-element-46f38db elementor-widget elementor-widget-text-editor\" data-id=\"46f38db\" data-element_type=\"widget\" data-widget_type=\"text-editor.default\">\n\t\t\t\t<div class=\"elementor-widget-container\">\n\t\t\t\t\t\t\t<p>Solution en mati\u00e8re de cr\u00e9ation de vos entreprises et Organisation non gouvernementale, notre \u00e9quipe est compos\u00e9 d\u2019experts dynamiques qui vous accompagnerons de la constitution \u00e0 croissance de vos activit\u00e9s.<\/p><p>En effet, conscient du contexte particuli\u00e8rement \u00e9prouvant de l\u2019entreprenariat en R\u00e9publique D\u00e9mocratique du Congo ou une multiplicit\u00e9 d\u2019obligations l\u00e9gale, fiscale et parafiscale sont \u00e0 remplir au quotidien, notre \u00e9quipe saura vous avis\u00e9 et vous orienter vers les meilleures options dans le respect de votre chronogramme et vos planifications.<\/p><p>Entreprendre en R.D.Congo n\u2019aura jamais \u00e9t\u00e9 aussi clair, ni m\u00eame aussi compl\u00e8te qu\u2019avec notre accompagnement.<\/p><p>Les champs d\u2019action de nos services large et notre capacit\u00e9 d\u2019adaptation, sans limite. Avec nous vous avez la possibilit\u00e9 comme jamais auparavant de na\u00eetre, croitre, conqu\u00e9rir et p\u00e9renniser vos acquis d\u2019ann\u00e9es en ann\u00e9es en haut qu\u2019entreprises, famille fortun\u00e9e, Organisation non gouvernementale du commer\u00e7ants.<\/p>\t\t\t\t\t\t<\/div>\n\t\t\t\t<\/div>\n\t\t\t\t\t<\/div>\n\t\t<\/div>\n\t\t\t\t\t\t\t<\/div>\n\t\t<\/section>\n\t\t\t\t<section class=\"elementor-section elementor-top-section elementor-element elementor-element-9aad679 elementor-section-boxed elementor-section-height-default elementor-section-height-default\" data-id=\"9aad679\" data-element_type=\"section\">\n\t\t\t\t\t\t<div class=\"elementor-container elementor-column-gap-default\">\n\t\t\t\t\t<div class=\"elementor-column elementor-col-33 elementor-top-column elementor-element elementor-element-b62c8ee\" data-id=\"b62c8ee\" data-element_type=\"column\">\n\t\t\t<div class=\"elementor-widget-wrap elementor-element-populated\">\n\t\t\t\t\t\t\t\t<div class=\"elementor-element elementor-element-8e8c9c6 elementor-widget elementor-widget-image\" data-id=\"8e8c9c6\" data-element_type=\"widget\" data-widget_type=\"image.default\">\n\t\t\t\t<div class=\"elementor-widget-container\">\n\t\t\t<style>\/*! elementor - v3.5.3 - 28-12-2021 *\/\n.elementor-widget-image{text-align:center}.elementor-widget-image a{display:inline-block}.elementor-widget-image a img[src$=\".svg\"]{width:48px}.elementor-widget-image img{vertical-align:middle;display:inline-block}<\/style>\t\t\t\t\t\t\t\t\t\t\t\t<img width=\"1024\" height=\"768\" src=\"https:\/\/implement.cd\/wp-content\/uploads\/2022\/01\/black-chairs-and-white-table-1598051-1024x768.jpg\" class=\"attachment-large size-large\" alt=\"\" loading=\"lazy\" srcset=\"https:\/\/implement.cd\/wp-content\/uploads\/2022\/01\/black-chairs-and-white-table-1598051-1024x768.jpg 1024w, https:\/\/implement.cd\/wp-content\/uploads\/2022\/01\/black-chairs-and-white-table-1598051-300x225.jpg 300w, https:\/\/implement.cd\/wp-content\/uploads\/2022\/01\/black-chairs-and-white-table-1598051-768x576.jpg 768w, https:\/\/implement.cd\/wp-content\/uploads\/2022\/01\/black-chairs-and-white-table-1598051.jpg 1280w\" sizes=\"(max-width: 1024px) 100vw, 1024px\" \/>\t\t\t\t\t\t\t\t\t\t\t\t\t\t\t<\/div>\n\t\t\t\t<\/div>\n\t\t\t\t\t<\/div>\n\t\t<\/div>\n\t\t\t\t<div class=\"elementor-column elementor-col-33 elementor-top-column elementor-element elementor-element-9c70276\" data-id=\"9c70276\" data-element_type=\"column\">\n\t\t\t<div class=\"elementor-widget-wrap elementor-element-populated\">\n\t\t\t\t\t\t\t\t<div class=\"elementor-element elementor-element-20c4677 elementor-widget elementor-widget-image\" data-id=\"20c4677\" data-element_type=\"widget\" data-widget_type=\"image.default\">\n\t\t\t\t<div class=\"elementor-widget-container\">\n\t\t\t\t\t\t\t\t\t\t\t\t\t\t\t<img width=\"1024\" height=\"768\" src=\"https:\/\/implement.cd\/wp-content\/uploads\/2022\/01\/chairs-conference-room-corporate-indoors-2367301-1024x768.jpg\" class=\"attachment-large size-large\" alt=\"\" loading=\"lazy\" srcset=\"https:\/\/implement.cd\/wp-content\/uploads\/2022\/01\/chairs-conference-room-corporate-indoors-2367301-1024x768.jpg 1024w, https:\/\/implement.cd\/wp-content\/uploads\/2022\/01\/chairs-conference-room-corporate-indoors-2367301-300x225.jpg 300w, https:\/\/implement.cd\/wp-content\/uploads\/2022\/01\/chairs-conference-room-corporate-indoors-2367301-768x576.jpg 768w, https:\/\/implement.cd\/wp-content\/uploads\/2022\/01\/chairs-conference-room-corporate-indoors-2367301.jpg 1280w\" sizes=\"(max-width: 1024px) 100vw, 1024px\" \/>\t\t\t\t\t\t\t\t\t\t\t\t\t\t\t<\/div>\n\t\t\t\t<\/div>\n\t\t\t\t\t<\/div>\n\t\t<\/div>\n\t\t\t\t<div class=\"elementor-column elementor-col-33 elementor-top-column elementor-element elementor-element-c13b0fd\" data-id=\"c13b0fd\" data-element_type=\"column\">\n\t\t\t<div class=\"elementor-widget-wrap elementor-element-populated\">\n\t\t\t\t\t\t\t\t<div class=\"elementor-element elementor-element-9289aed elementor-widget elementor-widget-image\" data-id=\"9289aed\" data-element_type=\"widget\" data-widget_type=\"image.default\">\n\t\t\t\t<div class=\"elementor-widget-container\">\n\t\t\t\t\t\t\t\t\t\t\t\t\t\t\t<img width=\"1024\" height=\"682\" src=\"https:\/\/implement.cd\/wp-content\/uploads\/2022\/01\/chairs-daylight-designer-empty-4163201-1024x682.jpg\" class=\"attachment-large size-large\" alt=\"\" loading=\"lazy\" srcset=\"https:\/\/implement.cd\/wp-content\/uploads\/2022\/01\/chairs-daylight-designer-empty-4163201-1024x682.jpg 1024w, https:\/\/implement.cd\/wp-content\/uploads\/2022\/01\/chairs-daylight-designer-empty-4163201-300x200.jpg 300w, https:\/\/implement.cd\/wp-content\/uploads\/2022\/01\/chairs-daylight-designer-empty-4163201-768x512.jpg 768w, https:\/\/implement.cd\/wp-content\/uploads\/2022\/01\/chairs-daylight-designer-empty-4163201.jpg 1280w\" sizes=\"(max-width: 1024px) 100vw, 1024px\" \/>\t\t\t\t\t\t\t\t\t\t\t\t\t\t\t<\/div>\n\t\t\t\t<\/div>\n\t\t\t\t\t<\/div>\n\t\t<\/div>\n\t\t\t\t\t\t\t<\/div>\n\t\t<\/section>\n\t\t\t\t<section class=\"elementor-section elementor-top-section elementor-element elementor-element-c1ce790 elementor-section-boxed elementor-section-height-default elementor-section-height-default\" data-id=\"c1ce790\" data-element_type=\"section\">\n\t\t\t\t\t\t<div class=\"elementor-container elementor-column-gap-default\">\n\t\t\t\t\t<div class=\"elementor-column elementor-col-100 elementor-top-column elementor-element elementor-element-f3b2366\" data-id=\"f3b2366\" data-element_type=\"column\">\n\t\t\t<div class=\"elementor-widget-wrap\">\n\t\t\t\t\t\t\t\t\t<\/div>\n\t\t<\/div>\n\t\t\t\t\t\t\t<\/div>\n\t\t<\/section>\n\t\t\t\t<section class=\"elementor-section elementor-top-section elementor-element elementor-element-42baec9 elementor-section-boxed elementor-section-height-default elementor-section-height-default\" data-id=\"42baec9\" data-element_type=\"section\">\n\t\t\t\t\t\t<div class=\"elementor-container elementor-column-gap-default\">\n\t\t\t\t\t<div class=\"elementor-column elementor-col-100 elementor-top-column elementor-element elementor-element-c5341df\" data-id=\"c5341df\" data-element_type=\"column\">\n\t\t\t<div class=\"elementor-widget-wrap elementor-element-populated\">\n\t\t\t\t\t\t\t\t<div class=\"elementor-element elementor-element-54057a2 elementor-widget elementor-widget-text-editor\" data-id=\"54057a2\" data-element_type=\"widget\" data-widget_type=\"text-editor.default\">\n\t\t\t\t<div class=\"elementor-widget-container\">\n\t\t\t\t\t\t\t<p>Nous sommes l\u00e9galistes, f\u00e9rus praticiens, travailleurs, disponibles, honn\u00eates et objectives\u00a0; veillant sur la d\u00e9ontologie des affaires et la complaisance\u00a0; pr\u00eat \u00e0 travailler \u00e0 vos c\u00f4t\u00e9s \u00e0 la conqu\u00eate de votre futur et sa p\u00e9rennisation dans le brassier pourtant\u00a0 extr\u00eamement prometteur de l\u2019entreprise en R.D.Congo.<\/p><p>Votre victoire, sera la n\u00f4tre.<\/p><p>Notre rage de victoire est sans limite.<\/p>\t\t\t\t\t\t<\/div>\n\t\t\t\t<\/div>\n\t\t\t\t\t<\/div>\n\t\t<\/div>\n\t\t\t\t\t\t\t<\/div>\n\t\t<\/section>\n\t\t\t\t\t\t<\/div>\n\t\t\t\t\t<\/div>\n\t\t","protected":false},"excerpt":{"rendered":"<p>Pr\u00e9sentation d\u2019Implement Sarl Solution en mati\u00e8re de cr\u00e9ation de vos entreprises et Organisation non gouvernementale, notre \u00e9quipe est compos\u00e9 d\u2019experts dynamiques qui vous accompagnerons de la constitution \u00e0 croissance de vos activit\u00e9s. En effet, conscient du contexte particuli\u00e8rement \u00e9prouvant de l\u2019entreprenariat en R\u00e9publique D\u00e9mocratique du Congo ou une multiplicit\u00e9 d\u2019obligations l\u00e9gale, fiscale et parafiscale sont&hellip;&nbsp;<a href=\"https:\/\/implement.cd\/?page_id=476\" class=\"\" rel=\"bookmark\">Lire la suite &raquo;<span class=\"screen-reader-text\">A propos de nous<\/span><\/a><\/p>\n","protected":false},"author":1,"featured_media":0,"parent":0,"menu_order":0,"comment_status":"closed","ping_status":"closed","template":"","meta":{"om_disable_all_campaigns":false,"_monsterinsights_skip_tracking":false,"_monsterinsights_sitenote_active":false,"_monsterinsights_sitenote_note":"","_monsterinsights_sitenote_category":0,"neve_meta_sidebar":"","neve_meta_container":"","neve_meta_enable_content_width":"","neve_meta_content_width":0,"neve_meta_title_alignment":"","neve_meta_author_avatar":"","neve_post_elements_order":"","neve_meta_disable_header":"","neve_meta_disable_footer":"","neve_meta_disable_title":""},"_links":{"self":[{"href":"https:\/\/implement.cd\/index.php?rest_route=\/wp\/v2\/pages\/476"}],"collection":[{"href":"https:\/\/implement.cd\/index.php?rest_route=\/wp\/v2\/pages"}],"about":[{"href":"https:\/\/implement.cd\/index.php?rest_route=\/wp\/v2\/types\/page"}],"author":[{"embeddable":true,"href":"https:\/\/implement.cd\/index.php?rest_route=\/wp\/v2\/users\/1"}],"replies":[{"embeddable":true,"href":"https:\/\/implement.cd\/index.php?rest_route=%2Fwp%2Fv2%2Fcomments&post=476"}],"version-history":[{"count":70,"href":"https:\/\/implement.cd\/index.php?rest_route=\/wp\/v2\/pages\/476\/revisions"}],"predecessor-version":[{"id":764,"href":"https:\/\/implement.cd\/index.php?rest_route=\/wp\/v2\/pages\/476\/revisions\/764"}],"wp:attachment":[{"href":"https:\/\/implement.cd\/index.php?rest_route=%2Fwp%2Fv2%2Fmedia&parent=476"}],"curies":[{"name":"wp","href":"https:\/\/api.w.org\/{rel}","templated":true}]}}