{"id":480,"date":"2022-01-11T12:22:43","date_gmt":"2022-01-11T12:22:43","guid":{"rendered":"http:\/\/implement.cd\/?page_id=480"},"modified":"2022-01-13T16:25:25","modified_gmt":"2022-01-13T16:25:25","slug":"services","status":"publish","type":"page","link":"https:\/\/implement.cd\/?page_id=480","title":{"rendered":"Services"},"content":{"rendered":"\t\t<div data-elementor-type=\"wp-page\" data-elementor-id=\"480\" class=\"elementor elementor-480\" data-elementor-settings=\"[]\">\n\t\t\t\t\t\t\t<div class=\"elementor-section-wrap\">\n\t\t\t\t\t\t\t<section class=\"elementor-section elementor-top-section elementor-element elementor-element-34054ce elementor-section-boxed elementor-section-height-default elementor-section-height-default\" data-id=\"34054ce\" data-element_type=\"section\">\n\t\t\t\t\t\t<div class=\"elementor-container elementor-column-gap-default\">\n\t\t\t\t\t<div class=\"elementor-column elementor-col-100 elementor-top-column elementor-element elementor-element-b93c7f8\" data-id=\"b93c7f8\" data-element_type=\"column\">\n\t\t\t<div class=\"elementor-widget-wrap\">\n\t\t\t\t\t\t\t\t\t<\/div>\n\t\t<\/div>\n\t\t\t\t\t\t\t<\/div>\n\t\t<\/section>\n\t\t\t\t<section class=\"elementor-section elementor-top-section elementor-element elementor-element-1215997 elementor-section-stretched elementor-section-boxed elementor-section-height-default elementor-section-height-default\" data-id=\"1215997\" data-element_type=\"section\" data-settings=\"{&quot;stretch_section&quot;:&quot;section-stretched&quot;,&quot;background_background&quot;:&quot;slideshow&quot;,&quot;background_slideshow_gallery&quot;:[{&quot;id&quot;:468,&quot;url&quot;:&quot;http:\\\/\\\/implement.cd\\\/wp-content\\\/uploads\\\/2022\\\/01\\\/photo-of-men-having-conversation-9359492.jpg&quot;}],&quot;background_slideshow_loop&quot;:&quot;yes&quot;,&quot;background_slideshow_slide_duration&quot;:5000,&quot;background_slideshow_slide_transition&quot;:&quot;fade&quot;,&quot;background_slideshow_transition_duration&quot;:500}\">\n\t\t\t\t\t\t<div class=\"elementor-container elementor-column-gap-default\">\n\t\t\t\t\t<div class=\"elementor-column elementor-col-100 elementor-top-column elementor-element elementor-element-7accbb2\" data-id=\"7accbb2\" data-element_type=\"column\">\n\t\t\t<div class=\"elementor-widget-wrap\">\n\t\t\t\t\t\t\t\t\t<\/div>\n\t\t<\/div>\n\t\t\t\t\t\t\t<\/div>\n\t\t<\/section>\n\t\t\t\t<section class=\"elementor-section elementor-top-section elementor-element elementor-element-35a99b1 elementor-section-boxed elementor-section-height-default elementor-section-height-default\" data-id=\"35a99b1\" data-element_type=\"section\">\n\t\t\t\t\t\t<div class=\"elementor-container elementor-column-gap-default\">\n\t\t\t\t\t<div class=\"elementor-column elementor-col-100 elementor-top-column elementor-element elementor-element-8a598f6\" data-id=\"8a598f6\" data-element_type=\"column\">\n\t\t\t<div class=\"elementor-widget-wrap elementor-element-populated\">\n\t\t\t\t\t\t\t\t<div class=\"elementor-element elementor-element-8e5693f elementor-widget elementor-widget-text-editor\" data-id=\"8e5693f\" data-element_type=\"widget\" data-widget_type=\"text-editor.default\">\n\t\t\t\t<div class=\"elementor-widget-container\">\n\t\t\t<style>\/*! elementor - v3.5.3 - 28-12-2021 *\/\n.elementor-widget-text-editor.elementor-drop-cap-view-stacked .elementor-drop-cap{background-color:#818a91;color:#fff}.elementor-widget-text-editor.elementor-drop-cap-view-framed .elementor-drop-cap{color:#818a91;border:3px solid;background-color:transparent}.elementor-widget-text-editor:not(.elementor-drop-cap-view-default) .elementor-drop-cap{margin-top:8px}.elementor-widget-text-editor:not(.elementor-drop-cap-view-default) .elementor-drop-cap-letter{width:1em;height:1em}.elementor-widget-text-editor .elementor-drop-cap{float:left;text-align:center;line-height:1;font-size:50px}.elementor-widget-text-editor .elementor-drop-cap-letter{display:inline-block}<\/style>\t\t\t\t<h1><span style=\"color: #003366;\">NOS SERVICES<\/span><\/h1>\t\t\t\t\t\t<\/div>\n\t\t\t\t<\/div>\n\t\t\t\t\t<\/div>\n\t\t<\/div>\n\t\t\t\t\t\t\t<\/div>\n\t\t<\/section>\n\t\t\t\t<section class=\"elementor-section elementor-top-section elementor-element elementor-element-06f8d09 elementor-section-boxed elementor-section-height-default elementor-section-height-default\" data-id=\"06f8d09\" data-element_type=\"section\">\n\t\t\t\t\t\t<div class=\"elementor-container elementor-column-gap-default\">\n\t\t\t\t\t<div class=\"elementor-column elementor-col-100 elementor-top-column elementor-element elementor-element-112ee62\" data-id=\"112ee62\" data-element_type=\"column\">\n\t\t\t<div class=\"elementor-widget-wrap elementor-element-populated\">\n\t\t\t\t\t\t\t\t<div class=\"elementor-element elementor-element-d36c666 elementor-widget elementor-widget-text-editor\" data-id=\"d36c666\" data-element_type=\"widget\" data-widget_type=\"text-editor.default\">\n\t\t\t\t<div class=\"elementor-widget-container\">\n\t\t\t\t\t\t\t<ul><li>Cr\u00e9ation de soci\u00e9t\u00e9 commerciale, groupement d\u2019int\u00e9r\u00eat Economique, point \u2013 venture, \u00e9tablissement personne physique.<\/li><li>Impl\u00e9mentation d\u2019ONG (Enregistrement, Accord \u2013 cadre, Arr\u00eat\u00e9 Inter \u2013 minist\u00e9rielle, F92, Autorisation d\u2019exercer, Autorisation d\u2019Installation).<\/li><li>Domiciliation de l\u2019entreprise<\/li><li>Conseil et d\u00e9fense en mati\u00e8re juridique, fiscale et parafiscale<\/li><li>Business familiaux ou personnels<\/li><\/ul><p>\u00a0<\/p><h3><span style=\"color: #003366;\"><strong>1.\u00a0 Cr\u00e9ation de soci\u00e9t\u00e9 commerciale<\/strong><\/span><\/h3><p>Implement SARL, met \u00e0 la disposition de sa client\u00e8le une expertise \u00e9prouv\u00e9e en mati\u00e8re de cr\u00e9ation d\u2019entreprise par la r\u00e9daction des statuts sociaux (contrat de soci\u00e9t\u00e9) et documents connexes indispensable \u00e0 l\u2019obtention d\u2019un num\u00e9ro RCCM, d\u2019un num\u00e9ro d\u2019identification national, d\u2019une autorisation d\u2019ouverture, d\u2019un num\u00e9ro d\u2019affiliation \u00e0 la CNSS, d\u2019un num\u00e9ro d\u2019affiliation \u00e0 l\u2019INPP, d\u2019un num\u00e9ro d\u2019affiliation \u00e0 l\u2019ONEM, d\u2019un num\u00e9ro d\u2019imp\u00f4t (Num\u00e9ro d\u2019identification fiscale) dans le respect de l\u2019objet social pr\u00e9d\u00e9fini.<\/p><p>\u00a0<\/p><h3><span style=\"color: #003366;\"><strong>2.\u00a0 Impl\u00e9mentation d\u2019ONG<\/strong><\/span><\/h3><p>Les ONG de droit \u00e9tranger souhaitant s\u2019installer en RDC et y r\u00e9aliser des projets sont astreintes \u00e0 l\u2019accomplissement de plusieurs formalit\u00e9s administratives pour \u00eatre autoris\u00e9e \u00e0 exercer, d\u2019abord \u00e0 titre provisoire pour \u00e0 titre d\u00e9finitif suivant certaines conditions.<\/p><p>Implement vous obtient dans les meilleurs d\u00e9lais tous ses documents en vous fournissant toute la lumi\u00e8re sur r\u00e9alit\u00e9 de la vie des ONG de droit \u00e9tranger dans sa vie aussi c\u00f4t\u00e9s des administrations tr\u00e8s t\u00e2teurs sur la l\u00e9galit\u00e9 des activit\u00e9s et projets.<\/p><p>Nous sommes conscients de la sensibilit\u00e9 due \u00e0 l\u2019origine des financements des diff\u00e9rents projets qui orientent \u00e0 coup sur la fiscalit\u00e9 applicable ainsi que le r\u00e9gime l\u00e9gal applicable.<\/p><p>C\u2019est pourquoi Implement met un point d\u2019honneur \u00e0 \u00eatre la sentinelle qui veille \u00e0 votre connecte et compl\u00e8te installation afin que l\u2019on ne vous trouve aucun point faible.<\/p><p>\u00a0<\/p><h3><span style=\"color: #003366;\"><strong>3.\u00a0 Domiciliation l\u2019entreprise<\/strong><\/span><\/h3><p>Pour faciliter ce travail et permettre \u00e0 nos clients de r\u00e9duire leurs charges Implement organise leur domiciliation en 5 min maximum par la mise en place d\u2019un m\u00e9canisme conventionnel de gestion du courrier par la r\u00e9ception et la r\u00e9exp\u00e9dition, le call center et les alertes.<\/p><p>Nous vous offrons une adresse administrative que vous utiliserez sur tous vos courriers, sur vos ent\u00eates et sises internet.<\/p><p>Notre \u00e9quipe avertie vous fournira l\u2019interface idoine vis-\u00e0-vis des administrations congolaises r\u00e9put\u00e9es tracassi\u00e8res pour prot\u00e9ger vos int\u00e9r\u00eats, vous conseiller \u00e0 bon escients.<\/p><p>\u00a0<\/p><h3><span style=\"color: #003366;\"><strong>4.\u00a0 Conseil et d\u00e9fense en mati\u00e8re juridique, fiscale et parafiscale.<\/strong><\/span><\/h3><p>Le climat des affaires a \u00e9t\u00e9 au centre des pr\u00e9occupations des derniers gouvernements et l\u2019est encore pour l\u2019actuel en R.D.Congo. C\u2019est pourquoi, notre expertise compose de f\u00e9rus praticiens du droit, de la comptabilit\u00e9 et de la fiscalit\u00e9 est \u00e0 vous c\u00f4t\u00e9 \u00e0 travers les \u00e9tudes de vos pr\u00e9occupations par leur conseils et leurs personne pour qui le meilleur de vos int\u00e9r\u00eats passera toujours en premiers pour importer la gravit\u00e9 de la situation qui vous accable.<\/p><p>\u00a0<\/p><h3><span style=\"color: #003366;\"><strong>5.\u00a0 Business familiaux ou personnels<\/strong><\/span><\/h3><p>Implement SARL est aussi une solution pour les congolais de l\u2019\u00e9tranger d\u00e9termin\u00e9 \u00e0 commencer une affaire ou ouvrir un Business seul, avec des associ\u00e9s ou avec sa famille en RDC.<\/p><p>Nous vous offrons un outil de gestion d\u2019analyse et de contr\u00f4le efficace et aidons les v\u00f4tres ici en RDC \u00e0 renfoncer leur capacit\u00e9 dans le management des business pour classer la pauvret\u00e9 de notre famille et de notre pays.<\/p><p>Congolais nous-m\u00eame, nous mettons un point d\u2019honneurs \u00e0 vous aidons \u00e0 r\u00e9ussir. Pour que s\u2019\u00e9l\u00e8ve aupr\u00e8s des autres des v\u00e9ritables r\u00e9cits de \u00ab\u00a0Success Story\u00a0\u00bb\u00a0 100% congolaises et imiter un reflet d\u2019entrainement par l\u2019\u00e9veil de tous au d\u00e9veloppement de notre pays \u00ab\u00a0Vos int\u00e9r\u00eats sont les n\u00f4tres\u00a0\u00bb.<\/p>\t\t\t\t\t\t<\/div>\n\t\t\t\t<\/div>\n\t\t\t\t\t<\/div>\n\t\t<\/div>\n\t\t\t\t\t\t\t<\/div>\n\t\t<\/section>\n\t\t\t\t\t\t<\/div>\n\t\t\t\t\t<\/div>\n\t\t","protected":false},"excerpt":{"rendered":"<p>NOS SERVICES Cr\u00e9ation de soci\u00e9t\u00e9 commerciale, groupement d\u2019int\u00e9r\u00eat Economique, point \u2013 venture, \u00e9tablissement personne physique. Impl\u00e9mentation d\u2019ONG (Enregistrement, Accord \u2013 cadre, Arr\u00eat\u00e9 Inter \u2013 minist\u00e9rielle, F92, Autorisation d\u2019exercer, Autorisation d\u2019Installation). Domiciliation de l\u2019entreprise Conseil et d\u00e9fense en mati\u00e8re juridique, fiscale et parafiscale Business familiaux ou personnels \u00a0 1.\u00a0 Cr\u00e9ation de soci\u00e9t\u00e9 commerciale Implement SARL, met&hellip;&nbsp;<a href=\"https:\/\/implement.cd\/?page_id=480\" class=\"\" rel=\"bookmark\">Lire la suite &raquo;<span class=\"screen-reader-text\">Services<\/span><\/a><\/p>\n","protected":false},"author":1,"featured_media":0,"parent":0,"menu_order":0,"comment_status":"closed","ping_status":"closed","template":"","meta":{"om_disable_all_campaigns":false,"_monsterinsights_skip_tracking":false,"_monsterinsights_sitenote_active":false,"_monsterinsights_sitenote_note":"","_monsterinsights_sitenote_category":0,"neve_meta_sidebar":"","neve_meta_container":"","neve_meta_enable_content_width":"","neve_meta_content_width":0,"neve_meta_title_alignment":"","neve_meta_author_avatar":"","neve_post_elements_order":"","neve_meta_disable_header":"","neve_meta_disable_footer":"","neve_meta_disable_title":""},"_links":{"self":[{"href":"https:\/\/implement.cd\/index.php?rest_route=\/wp\/v2\/pages\/480"}],"collection":[{"href":"https:\/\/implement.cd\/index.php?rest_route=\/wp\/v2\/pages"}],"about":[{"href":"https:\/\/implement.cd\/index.php?rest_route=\/wp\/v2\/types\/page"}],"author":[{"embeddable":true,"href":"https:\/\/implement.cd\/index.php?rest_route=\/wp\/v2\/users\/1"}],"replies":[{"embeddable":true,"href":"https:\/\/implement.cd\/index.php?rest_route=%2Fwp%2Fv2%2Fcomments&post=480"}],"version-history":[{"count":16,"href":"https:\/\/implement.cd\/index.php?rest_route=\/wp\/v2\/pages\/480\/revisions"}],"predecessor-version":[{"id":758,"href":"https:\/\/implement.cd\/index.php?rest_route=\/wp\/v2\/pages\/480\/revisions\/758"}],"wp:attachment":[{"href":"https:\/\/implement.cd\/index.php?rest_route=%2Fwp%2Fv2%2Fmedia&parent=480"}],"curies":[{"name":"wp","href":"https:\/\/api.w.org\/{rel}","templated":true}]}}